{"id":901,"date":"2023-07-18T14:12:06","date_gmt":"2023-07-18T12:12:06","guid":{"rendered":"https:\/\/wadimsoft.pl\/projekty\/chemicartf\/?page_id=901"},"modified":"2023-07-25T12:59:36","modified_gmt":"2023-07-25T10:59:36","slug":"o-nas","status":"publish","type":"page","link":"https:\/\/www.chemicartf.pl\/index.php\/o-nas\/","title":{"rendered":"O nas"},"content":{"rendered":"<section class=\"wpb-content-wrapper\"><p>[vc_row][vc_column width=&#8221;1\/2&#8243;][vc_column_text css_animation=&#8221;fadeInLeft&#8221;]<\/p>\n<p style=\"text-align: justify;\">Nasza firma powsta\u0142a z pasji do motoryzacji oraz z determinacji i<strong> od 20 lat <\/strong>stara si\u0119 sprosta\u0107 rosn\u0105cym oczekiwaniom klient\u00f3w. Dzi\u0119ki ci\u0105g\u0142emu doskonaleniu naszych produkt\u00f3w i us\u0142ug, zyskali\u015bmy zaufanie wielu profesjonalist\u00f3w z bran\u017cy, a tak\u017ce indywidualnych mi\u0142o\u015bnik\u00f3w czystych i l\u015bni\u0105cych pojazd\u00f3w.<\/p>\n<p style=\"text-align: justify;\">Oferujemy szeroki asortyment preparat\u00f3w, kt\u00f3re s\u0105 doskonale dopasowane do r\u00f3\u017cnych rodzaj\u00f3w myjni. Niezale\u017cnie od tego, czy prowadzisz myjni\u0119 samoobs\u0142ugow\u0105, r\u0119czn\u0105, automatyczn\u0105, a mo\u017ce zajmujesz si\u0119 detailigiem aut, mamy idealne rozwi\u0105zania dla Twojej dzia\u0142alno\u015bci. Nasi specjali\u015bci w dziedzinie chemii samochodowej dbaj\u0105 o to, aby nasze preparaty by\u0142y zawsze najwy\u017cszej jako\u015bci. Dzi\u0119ki temu, nasi klienci mog\u0105 mie\u0107 pewno\u015b\u0107, \u017ce korzystaj\u0105 z najlepszych \u015brodk\u00f3w dost\u0119pnych na rynku.<\/p>\n<p style=\"text-align: justify;\">W naszej ofercie znajdziesz szeroki wyb\u00f3r preparat\u00f3w, takich jak skoncentrowane \u015brodki myj\u0105ce, piany czyszcz\u0105ce, woski, odplamiacze, szampony, preparaty do usuwania smo\u0142y i owad\u00f3w, \u015brodki do polerowania, pow\u0142oki ochronne, od\u015bwie\u017cacze wn\u0119trza i wiele innych. Ka\u017cdy produkt jest starannie opracowany, aby zapewni\u0107 doskona\u0142e rezultaty i d\u0142ugotrwa\u0142\u0105 ochron\u0119 powierzchni pojazd\u00f3w.<\/p>\n<p style=\"text-align: justify;\">Jeste\u015bmy dumni z naszego profesjonalnego podej\u015bcia do obs\u0142ugi klienta. Nasz zesp\u00f3\u0142 ekspert\u00f3w jest gotowy doradzi\u0107 Ci i udzieli\u0107 wszelkich niezb\u0119dnych informacji, aby pom\u00f3c Ci wybra\u0107 odpowiednie produkty, kt\u00f3re spe\u0142ni\u0105 Twoje potrzeby. Naszym celem jest nawi\u0105zanie d\u0142ugotrwa\u0142ej wsp\u00f3\u0142pracy, opartej na zaufaniu i zadowoleniu naszych klient\u00f3w.<\/p>\n<p style=\"text-align: justify;\"><strong><br \/>\nDodatkowo, oferujemy konkurencyjne ceny i szybk\u0105 dostaw\u0119, aby umo\u017cliwi\u0107 Ci skuteczne prowadzenie dzia\u0142alno\u015bci. Wiemy, jak wa\u017cne jest, aby mie\u0107 dost\u0119p do preparat\u00f3w w odpowiednim czasie!<\/strong><\/p>\n<p>[\/vc_column_text][vc_column_text]<\/p>\n<p style=\"text-align: center;\"><strong>Skontaktuj si\u0119 z nami ju\u017c dzi\u015b, aby uzyska\u0107 wi\u0119cej informacji i rozpocz\u0105\u0107 owocn\u0105 wsp\u00f3\u0142prac\u0119.<\/strong><\/p>\n<p>[\/vc_column_text][vc_btn title=&#8221;Kontakt&#8221; color=&#8221;blue&#8221; align=&#8221;center&#8221; css_animation=&#8221;fadeInUp&#8221; button_block=&#8221;true&#8221; link=&#8221;url:https%3A%2F%2Fwww.chemicartf.pl%2Findex.php%2Fcontact%2F|title:Kontakt&#8221;][\/vc_column][vc_column width=&#8221;1\/2&#8243;][vc_single_image image=&#8221;903&#8243; img_size=&#8221;full&#8221; css_animation=&#8221;fadeInRight&#8221;][vc_empty_space][vc_single_image image=&#8221;902&#8243; img_size=&#8221;full&#8221; css_animation=&#8221;fadeInRight&#8221;][\/vc_column][\/vc_row]<\/p>\n<\/section>","protected":false},"excerpt":{"rendered":"<p>[vc_row][vc_column width=&#8221;1\/2&#8243;][vc_column_text css_animation=&#8221;fadeInLeft&#8221;] Nasza firma powsta\u0142a z pasji do motoryzacji oraz z determinacji i od 20 lat stara si\u0119 sprosta\u0107 rosn\u0105cym oczekiwaniom klient\u00f3w. Dzi\u0119ki ci\u0105g\u0142emu doskonaleniu naszych produkt\u00f3w i us\u0142ug, zyskali\u015bmy zaufanie wielu profesjonalist\u00f3w z bran\u017cy, a tak\u017ce indywidualnych mi\u0142o\u015bnik\u00f3w czystych i l\u015bni\u0105cych pojazd\u00f3w. Oferujemy szeroki asortyment preparat\u00f3w, kt\u00f3re s\u0105 doskonale dopasowane do r\u00f3\u017cnych rodzaj\u00f3w [&hellip;]<\/p>\n","protected":false},"author":1,"featured_media":0,"parent":0,"menu_order":0,"comment_status":"closed","ping_status":"closed","template":"page-templates\/template-fullwidth.php","meta":{"footnotes":""},"class_list":["post-901","page","type-page","status-publish","hentry"],"_links":{"self":[{"href":"https:\/\/www.chemicartf.pl\/index.php\/wp-json\/wp\/v2\/pages\/901","targetHints":{"allow":["GET"]}}],"collection":[{"href":"https:\/\/www.chemicartf.pl\/index.php\/wp-json\/wp\/v2\/pages"}],"about":[{"href":"https:\/\/www.chemicartf.pl\/index.php\/wp-json\/wp\/v2\/types\/page"}],"author":[{"embeddable":true,"href":"https:\/\/www.chemicartf.pl\/index.php\/wp-json\/wp\/v2\/users\/1"}],"replies":[{"embeddable":true,"href":"https:\/\/www.chemicartf.pl\/index.php\/wp-json\/wp\/v2\/comments?post=901"}],"version-history":[{"count":4,"href":"https:\/\/www.chemicartf.pl\/index.php\/wp-json\/wp\/v2\/pages\/901\/revisions"}],"predecessor-version":[{"id":917,"href":"https:\/\/www.chemicartf.pl\/index.php\/wp-json\/wp\/v2\/pages\/901\/revisions\/917"}],"wp:attachment":[{"href":"https:\/\/www.chemicartf.pl\/index.php\/wp-json\/wp\/v2\/media?parent=901"}],"curies":[{"name":"wp","href":"https:\/\/api.w.org\/{rel}","templated":true}]}}