{"id":1169,"date":"2025-02-05T20:49:22","date_gmt":"2025-02-05T19:49:22","guid":{"rendered":"https:\/\/www.chemicartf.pl\/?post_type=product&#038;p=1169"},"modified":"2025-04-08T18:02:13","modified_gmt":"2025-04-08T16:02:13","slug":"duo-activ-1l","status":"publish","type":"product","link":"https:\/\/www.chemicartf.pl\/index.php\/product\/duo-activ-1l\/","title":{"rendered":"Duo Activ 1L"},"content":{"rendered":"","protected":false},"excerpt":{"rendered":"<p>Duo Activ\u00a0 &#8211; dwufazowa silnie skoncentrowana piana aktywna przeznaczona do usuwania silnych zanieczyszcze\u0144 . Idealna dla przemys\u0142u ci\u0119\u017ckiego , okr\u0119towego ,rolniczego , transportowego . Doskonale sobie radzi z zabrudzeniami ropopochodnymi , drogowymi , atmosferycznymi itp.<\/p>\n","protected":false},"featured_media":1150,"comment_status":"open","ping_status":"closed","template":"","meta":[],"product_brand":[],"product_cat":[63],"product_tag":[],"class_list":{"0":"post-1169","1":"product","2":"type-product","3":"status-publish","4":"has-post-thumbnail","6":"product_cat-preparaty-specjalistyczne","8":"first","9":"instock","10":"shipping-taxable","11":"purchasable","12":"product-type-simple"},"_links":{"self":[{"href":"https:\/\/www.chemicartf.pl\/index.php\/wp-json\/wp\/v2\/product\/1169","targetHints":{"allow":["GET"]}}],"collection":[{"href":"https:\/\/www.chemicartf.pl\/index.php\/wp-json\/wp\/v2\/product"}],"about":[{"href":"https:\/\/www.chemicartf.pl\/index.php\/wp-json\/wp\/v2\/types\/product"}],"replies":[{"embeddable":true,"href":"https:\/\/www.chemicartf.pl\/index.php\/wp-json\/wp\/v2\/comments?post=1169"}],"wp:featuredmedia":[{"embeddable":true,"href":"https:\/\/www.chemicartf.pl\/index.php\/wp-json\/wp\/v2\/media\/1150"}],"wp:attachment":[{"href":"https:\/\/www.chemicartf.pl\/index.php\/wp-json\/wp\/v2\/media?parent=1169"}],"wp:term":[{"taxonomy":"product_brand","embeddable":true,"href":"https:\/\/www.chemicartf.pl\/index.php\/wp-json\/wp\/v2\/product_brand?post=1169"},{"taxonomy":"product_cat","embeddable":true,"href":"https:\/\/www.chemicartf.pl\/index.php\/wp-json\/wp\/v2\/product_cat?post=1169"},{"taxonomy":"product_tag","embeddable":true,"href":"https:\/\/www.chemicartf.pl\/index.php\/wp-json\/wp\/v2\/product_tag?post=1169"}],"curies":[{"name":"wp","href":"https:\/\/api.w.org\/{rel}","templated":true}]}}