{"id":1245,"date":"2025-03-13T18:08:51","date_gmt":"2025-03-13T17:08:51","guid":{"rendered":"https:\/\/www.chemicartf.pl\/?post_type=product&#038;p=1245"},"modified":"2025-03-13T18:09:53","modified_gmt":"2025-03-13T17:09:53","slug":"insekt-remover","status":"publish","type":"product","link":"https:\/\/www.chemicartf.pl\/index.php\/product\/insekt-remover\/","title":{"rendered":"INSEKT REMOVER"},"content":{"rendered":"","protected":false},"excerpt":{"rendered":"<p><strong>Preparat do usuwania insekt\u00f3w<\/strong><br \/>\nKoncentrat z \u0142atwo\u015bci\u0105 usuwaj\u0105cy insekty z karoserii. Mo\u017ce by\u0107 stosowany\u00a0jako \u015brodek do mycia wst\u0119pnego.<\/p>\n<p><strong>Spos\u00f3b u\u017cycia:<\/strong><br \/>\nMycie wst\u0119pne z u\u017cyciem urz\u0105dze\u0144 wysokoci\u015bnieniowych: rozcie\u0144czy\u0107 z wod\u0105\u00a01:5\/1:10; dysz\u0119 wytryskow\u0105 ustawi\u0107 w taki spos\u00f3b, aby uzyska\u0107 koncentrat\u00a0od 0,5 do 2%.<br \/>\nAtomizery: w zale\u017cno\u015bci od stopnia zabrudzenia stosowa\u0107 roztw\u00f3r 1: 10;\u00a0nanie\u015b\u0107 z do\u0142u do g\u00f3ry, pozostawi\u0107 na minut\u0119; sp\u0142uka\u0107.<br \/>\nPompa dozuj\u0105ca: u\u017cy\u0107 koncentratu, dysze ustawi\u0107 tak by otrzyma\u0107 1% roztw\u00f3r.<\/p>\n<p>Preparat nie nale\u017cy pozostawia\u0107 na karoserii do wyschni\u0119cia.<br \/>\nPowierzchnie gor\u0105ce oraz matowe nale\u017cy przed umyciem sp\u0142uka\u0107 wod\u0105.<br \/>\nMy\u0107 w miejscu zacienionym.<\/p>\n","protected":false},"featured_media":1250,"comment_status":"open","ping_status":"closed","template":"","meta":[],"product_brand":[],"product_cat":[62],"product_tag":[],"class_list":{"0":"post-1245","1":"product","2":"type-product","3":"status-publish","4":"has-post-thumbnail","6":"product_cat-mycie-i-ochrona-lakieru","8":"first","9":"instock","10":"shipping-taxable","11":"purchasable","12":"product-type-variable"},"_links":{"self":[{"href":"https:\/\/www.chemicartf.pl\/index.php\/wp-json\/wp\/v2\/product\/1245","targetHints":{"allow":["GET"]}}],"collection":[{"href":"https:\/\/www.chemicartf.pl\/index.php\/wp-json\/wp\/v2\/product"}],"about":[{"href":"https:\/\/www.chemicartf.pl\/index.php\/wp-json\/wp\/v2\/types\/product"}],"replies":[{"embeddable":true,"href":"https:\/\/www.chemicartf.pl\/index.php\/wp-json\/wp\/v2\/comments?post=1245"}],"wp:featuredmedia":[{"embeddable":true,"href":"https:\/\/www.chemicartf.pl\/index.php\/wp-json\/wp\/v2\/media\/1250"}],"wp:attachment":[{"href":"https:\/\/www.chemicartf.pl\/index.php\/wp-json\/wp\/v2\/media?parent=1245"}],"wp:term":[{"taxonomy":"product_brand","embeddable":true,"href":"https:\/\/www.chemicartf.pl\/index.php\/wp-json\/wp\/v2\/product_brand?post=1245"},{"taxonomy":"product_cat","embeddable":true,"href":"https:\/\/www.chemicartf.pl\/index.php\/wp-json\/wp\/v2\/product_cat?post=1245"},{"taxonomy":"product_tag","embeddable":true,"href":"https:\/\/www.chemicartf.pl\/index.php\/wp-json\/wp\/v2\/product_tag?post=1245"}],"curies":[{"name":"wp","href":"https:\/\/api.w.org\/{rel}","templated":true}]}}