{"id":1293,"date":"2025-03-13T18:22:55","date_gmt":"2025-03-13T17:22:55","guid":{"rendered":"https:\/\/www.chemicartf.pl\/?post_type=product&#038;p=1293"},"modified":"2025-03-13T18:23:56","modified_gmt":"2025-03-13T17:23:56","slug":"alu-cleaner-300","status":"publish","type":"product","link":"https:\/\/www.chemicartf.pl\/index.php\/product\/alu-cleaner-300\/","title":{"rendered":"ALU CLEANER 300"},"content":{"rendered":"","protected":false},"excerpt":{"rendered":"<p><strong>Preparat do czyszczenia elewacji<\/strong><br \/>\n\u015arodek czyszcz\u0105cy na bazie kwasu fluorowodorowego. Ma szerokie\u00a0zastosowanie, usuwa osad z cementu, betonu, kamienia oraz \u017celaza.\u00a0Dok\u0142adnie czy\u015bci metale oporne na dzia\u0142anie powierzchniowe kwas\u00f3w.<\/p>\n<p><strong>Spos\u00f3b u\u017cycia:<\/strong><br \/>\nRozcie\u0144czy\u0107 z woda w zale\u017cno\u015bci od stopnia zabrudzenia 1:1 \u2013 1:9.\u00a0Nanie\u015b\u0107 na powierzchni\u0119 za pomoc\u0105 kwasoodpornego opryskiwacza<br \/>\n(nie mo\u017ce by\u0107 u\u017cywany w metalowych urz\u0105dzeniach wysokoci\u015bnieniowych),\u00a0pozostawi\u0107 na kilka minut.\u00a0Czy\u015bci\u0107 za pomoc\u0105 kwasoodpornej szczotki.\u00a0Dok\u0142adnie sp\u0142uka\u0107 przy pomocy urz\u0105dzenia wysokoci\u015bnieniowego.<\/p>\n<p>Preparatu nie nale\u017cy pozostawia\u0107 do wyschni\u0119cia na czyszczonej powierzchni.<br \/>\nPowierzchnie gor\u0105ce uprzednio sp\u0142uka\u0107 wod\u0105.<br \/>\nZachowa\u0107 \u015brodki ostro\u017cno\u015bci zgodnie z kart\u0105 charakterystyki (preparat truj\u0105cy).<br \/>\nNie stosowa\u0107 na szklane powierzchnie (niszczy szk\u0142o).<\/p>\n","protected":false},"featured_media":1298,"comment_status":"open","ping_status":"closed","template":"","meta":[],"product_brand":[],"product_cat":[63],"product_tag":[],"class_list":{"0":"post-1293","1":"product","2":"type-product","3":"status-publish","4":"has-post-thumbnail","6":"product_cat-preparaty-specjalistyczne","8":"first","9":"instock","10":"shipping-taxable","11":"purchasable","12":"product-type-variable"},"_links":{"self":[{"href":"https:\/\/www.chemicartf.pl\/index.php\/wp-json\/wp\/v2\/product\/1293","targetHints":{"allow":["GET"]}}],"collection":[{"href":"https:\/\/www.chemicartf.pl\/index.php\/wp-json\/wp\/v2\/product"}],"about":[{"href":"https:\/\/www.chemicartf.pl\/index.php\/wp-json\/wp\/v2\/types\/product"}],"replies":[{"embeddable":true,"href":"https:\/\/www.chemicartf.pl\/index.php\/wp-json\/wp\/v2\/comments?post=1293"}],"wp:featuredmedia":[{"embeddable":true,"href":"https:\/\/www.chemicartf.pl\/index.php\/wp-json\/wp\/v2\/media\/1298"}],"wp:attachment":[{"href":"https:\/\/www.chemicartf.pl\/index.php\/wp-json\/wp\/v2\/media?parent=1293"}],"wp:term":[{"taxonomy":"product_brand","embeddable":true,"href":"https:\/\/www.chemicartf.pl\/index.php\/wp-json\/wp\/v2\/product_brand?post=1293"},{"taxonomy":"product_cat","embeddable":true,"href":"https:\/\/www.chemicartf.pl\/index.php\/wp-json\/wp\/v2\/product_cat?post=1293"},{"taxonomy":"product_tag","embeddable":true,"href":"https:\/\/www.chemicartf.pl\/index.php\/wp-json\/wp\/v2\/product_tag?post=1293"}],"curies":[{"name":"wp","href":"https:\/\/api.w.org\/{rel}","templated":true}]}}