{"id":1311,"date":"2025-03-13T18:27:43","date_gmt":"2025-03-13T17:27:43","guid":{"rendered":"https:\/\/www.chemicartf.pl\/?post_type=product&#038;p=1311"},"modified":"2025-03-13T18:28:37","modified_gmt":"2025-03-13T17:28:37","slug":"eco-alu","status":"publish","type":"product","link":"https:\/\/www.chemicartf.pl\/index.php\/product\/eco-alu\/","title":{"rendered":"ECO ALU"},"content":{"rendered":"","protected":false},"excerpt":{"rendered":"<p><strong>Nowoczesny, nietoksyczny preparat\u00a0do czyszczenia aluminium<\/strong><\/p>\n<p>Innowacyjny koncentrat wolny od agresywnych kwas\u00f3w, bezpieczny\u00a0w u\u017cytkowaniu.<\/p>\n<p>Doskonale usuwa rdz\u0119, osad z kamienia i \u017celaza oraz pozosta\u0142e zabrudzenia mineralno-t\u0142uszczowe. Dok\u0142adnie czy\u015bci metale,<\/p>\n<p>w szczeg\u00f3lno\u015bci aluminium.<\/p>\n<p><strong>Spos\u00f3b u\u017cycia:<\/strong><\/p>\n<p>Rozcie\u0144czy\u0107 z wod\u0105 w zale\u017cno\u015bci od stopnia zabrudzenia 1:1 \u2013 1:9.<\/p>\n<p>Nanie\u015b\u0107 na powierzchni\u0119 za pomoc\u0105 kwasoodpornego opryskiwacza (nie mo\u017ce by\u0107 u\u017cywany w metalowych urz\u0105dzeniach wysokoci\u015bnieniowych), pozostawi\u0107 na kilka minut. Czy\u015bci\u0107 za pomoc\u0105 kwasoodpornej szczotki. Dok\u0142adnie sp\u0142uka\u0107 przy pomocy urz\u0105dzenia wysokoci\u015bnieniowego.<\/p>\n<p>Preparatu nie nale\u017cy pozostawia\u0107 do wyschni\u0119cia na czyszczonej powierzchni.<\/p>\n<p>Powierzchnie gor\u0105ce uprzednio sp\u0142uka\u0107 zimn\u0105 wod\u0105.<\/p>\n","protected":false},"featured_media":1316,"comment_status":"open","ping_status":"closed","template":"","meta":[],"product_brand":[],"product_cat":[63],"product_tag":[],"class_list":{"0":"post-1311","1":"product","2":"type-product","3":"status-publish","4":"has-post-thumbnail","6":"product_cat-preparaty-specjalistyczne","8":"first","9":"instock","10":"shipping-taxable","11":"purchasable","12":"product-type-variable"},"_links":{"self":[{"href":"https:\/\/www.chemicartf.pl\/index.php\/wp-json\/wp\/v2\/product\/1311","targetHints":{"allow":["GET"]}}],"collection":[{"href":"https:\/\/www.chemicartf.pl\/index.php\/wp-json\/wp\/v2\/product"}],"about":[{"href":"https:\/\/www.chemicartf.pl\/index.php\/wp-json\/wp\/v2\/types\/product"}],"replies":[{"embeddable":true,"href":"https:\/\/www.chemicartf.pl\/index.php\/wp-json\/wp\/v2\/comments?post=1311"}],"wp:featuredmedia":[{"embeddable":true,"href":"https:\/\/www.chemicartf.pl\/index.php\/wp-json\/wp\/v2\/media\/1316"}],"wp:attachment":[{"href":"https:\/\/www.chemicartf.pl\/index.php\/wp-json\/wp\/v2\/media?parent=1311"}],"wp:term":[{"taxonomy":"product_brand","embeddable":true,"href":"https:\/\/www.chemicartf.pl\/index.php\/wp-json\/wp\/v2\/product_brand?post=1311"},{"taxonomy":"product_cat","embeddable":true,"href":"https:\/\/www.chemicartf.pl\/index.php\/wp-json\/wp\/v2\/product_cat?post=1311"},{"taxonomy":"product_tag","embeddable":true,"href":"https:\/\/www.chemicartf.pl\/index.php\/wp-json\/wp\/v2\/product_tag?post=1311"}],"curies":[{"name":"wp","href":"https:\/\/api.w.org\/{rel}","templated":true}]}}