{"id":1341,"date":"2025-03-13T18:35:53","date_gmt":"2025-03-13T17:35:53","guid":{"rendered":"https:\/\/www.chemicartf.pl\/?post_type=product&#038;p=1341"},"modified":"2025-03-13T18:36:45","modified_gmt":"2025-03-13T17:36:45","slug":"window-cleaner","status":"publish","type":"product","link":"https:\/\/www.chemicartf.pl\/index.php\/product\/window-cleaner\/","title":{"rendered":"WINDOW CLEANER"},"content":{"rendered":"","protected":false},"excerpt":{"rendered":"<p><strong>Preparat do mycia szyb<\/strong><br \/>\nKoncentrat p\u0142ynu do mycia szyb bez amoniaku. Skutecznie czy\u015bci szklane<br \/>\npowierzchnie bez pozostawiania smug. Nadaje wysoki po\u0142ysk.<\/p>\n<p><strong>Spos\u00f3b u\u017cycia:<\/strong><br \/>\nW zale\u017cno\u015bci od temperatury powietrza stosowa\u0107 koncentrat (zima) lub rozcie\u0144czy\u0107 wod\u0105 w zale\u017cno\u015bci od stopnia zabrudzenia 1: 2\/1: 4 (lato).<br \/>\nRozprowadzi\u0107 za pomoc\u0105 rozpryskiwacza, przetrze\u0107 g\u0105bk\u0105 lub mikrofibr\u0105, nast\u0119pnie wytrze\u0107 do sucha.<\/p>\n","protected":false},"featured_media":1346,"comment_status":"open","ping_status":"closed","template":"","meta":[],"product_brand":[],"product_cat":[67],"product_tag":[],"class_list":{"0":"post-1341","1":"product","2":"type-product","3":"status-publish","4":"has-post-thumbnail","6":"product_cat-preparaty-czyszczace","8":"first","9":"instock","10":"shipping-taxable","11":"purchasable","12":"product-type-variable"},"_links":{"self":[{"href":"https:\/\/www.chemicartf.pl\/index.php\/wp-json\/wp\/v2\/product\/1341","targetHints":{"allow":["GET"]}}],"collection":[{"href":"https:\/\/www.chemicartf.pl\/index.php\/wp-json\/wp\/v2\/product"}],"about":[{"href":"https:\/\/www.chemicartf.pl\/index.php\/wp-json\/wp\/v2\/types\/product"}],"replies":[{"embeddable":true,"href":"https:\/\/www.chemicartf.pl\/index.php\/wp-json\/wp\/v2\/comments?post=1341"}],"wp:featuredmedia":[{"embeddable":true,"href":"https:\/\/www.chemicartf.pl\/index.php\/wp-json\/wp\/v2\/media\/1346"}],"wp:attachment":[{"href":"https:\/\/www.chemicartf.pl\/index.php\/wp-json\/wp\/v2\/media?parent=1341"}],"wp:term":[{"taxonomy":"product_brand","embeddable":true,"href":"https:\/\/www.chemicartf.pl\/index.php\/wp-json\/wp\/v2\/product_brand?post=1341"},{"taxonomy":"product_cat","embeddable":true,"href":"https:\/\/www.chemicartf.pl\/index.php\/wp-json\/wp\/v2\/product_cat?post=1341"},{"taxonomy":"product_tag","embeddable":true,"href":"https:\/\/www.chemicartf.pl\/index.php\/wp-json\/wp\/v2\/product_tag?post=1341"}],"curies":[{"name":"wp","href":"https:\/\/api.w.org\/{rel}","templated":true}]}}