{"id":1600,"date":"2025-03-14T09:09:44","date_gmt":"2025-03-14T08:09:44","guid":{"rendered":"https:\/\/www.chemicartf.pl\/?post_type=product&#038;p=1600"},"modified":"2025-03-14T11:52:59","modified_gmt":"2025-03-14T10:52:59","slug":"novo-foam-wax","status":"publish","type":"product","link":"https:\/\/www.chemicartf.pl\/index.php\/product\/novo-foam-wax\/","title":{"rendered":"NOVO FOAM WAX"},"content":{"rendered":"","protected":false},"excerpt":{"rendered":"<p>NERTA NOVO FOAM WAX\u00a0to silny, skoncentrowany, pieni\u0105cy si\u0119 wosk, spe\u0142niaj\u0105cy najwy\u017csze standardy jako\u015bci.<\/p>\n","protected":false},"featured_media":1561,"comment_status":"closed","ping_status":"closed","template":"","meta":[],"product_brand":[],"product_cat":[80,69,79,90],"product_tag":[],"class_list":{"0":"post-1600","1":"product","2":"type-product","3":"status-publish","4":"has-post-thumbnail","6":"product_cat-mycie-ciezarowek","7":"product_cat-pielegnacja-pojazdu","8":"product_cat-woski-i-nablyszczanie","9":"product_cat-wosk-i-nablyszczanie","11":"first","12":"instock","13":"shipping-taxable","14":"purchasable","15":"product-type-variable","16":"has-default-attributes"},"_links":{"self":[{"href":"https:\/\/www.chemicartf.pl\/index.php\/wp-json\/wp\/v2\/product\/1600","targetHints":{"allow":["GET"]}}],"collection":[{"href":"https:\/\/www.chemicartf.pl\/index.php\/wp-json\/wp\/v2\/product"}],"about":[{"href":"https:\/\/www.chemicartf.pl\/index.php\/wp-json\/wp\/v2\/types\/product"}],"replies":[{"embeddable":true,"href":"https:\/\/www.chemicartf.pl\/index.php\/wp-json\/wp\/v2\/comments?post=1600"}],"wp:featuredmedia":[{"embeddable":true,"href":"https:\/\/www.chemicartf.pl\/index.php\/wp-json\/wp\/v2\/media\/1561"}],"wp:attachment":[{"href":"https:\/\/www.chemicartf.pl\/index.php\/wp-json\/wp\/v2\/media?parent=1600"}],"wp:term":[{"taxonomy":"product_brand","embeddable":true,"href":"https:\/\/www.chemicartf.pl\/index.php\/wp-json\/wp\/v2\/product_brand?post=1600"},{"taxonomy":"product_cat","embeddable":true,"href":"https:\/\/www.chemicartf.pl\/index.php\/wp-json\/wp\/v2\/product_cat?post=1600"},{"taxonomy":"product_tag","embeddable":true,"href":"https:\/\/www.chemicartf.pl\/index.php\/wp-json\/wp\/v2\/product_tag?post=1600"}],"curies":[{"name":"wp","href":"https:\/\/api.w.org\/{rel}","templated":true}]}}