{"id":1643,"date":"2025-03-14T10:07:49","date_gmt":"2025-03-14T09:07:49","guid":{"rendered":"https:\/\/www.chemicartf.pl\/?post_type=product&#038;p=1643"},"modified":"2025-03-14T11:39:07","modified_gmt":"2025-03-14T10:39:07","slug":"power-wash","status":"publish","type":"product","link":"https:\/\/www.chemicartf.pl\/index.php\/product\/power-wash\/","title":{"rendered":"POWER WASH"},"content":{"rendered":"","protected":false},"excerpt":{"rendered":"<p>NERTA POWER WASH to alkaliczny, pieni\u0105cy \u015brodek to mycia pojazd\u00f3w, szczeg\u00f3lnie polecany do myjni samoobs\u0142ugowych.<\/p>\n","protected":false},"featured_media":1629,"comment_status":"closed","ping_status":"closed","template":"","meta":[],"product_brand":[],"product_cat":[80,72,84,69],"product_tag":[],"class_list":{"0":"post-1643","1":"product","2":"type-product","3":"status-publish","4":"has-post-thumbnail","6":"product_cat-mycie-ciezarowek","7":"product_cat-mycie-wstepne","8":"product_cat-mycie-wstepne-mycie-ciezarowek","9":"product_cat-pielegnacja-pojazdu","11":"first","12":"instock","13":"shipping-taxable","14":"purchasable","15":"product-type-variable","16":"has-default-attributes"},"_links":{"self":[{"href":"https:\/\/www.chemicartf.pl\/index.php\/wp-json\/wp\/v2\/product\/1643","targetHints":{"allow":["GET"]}}],"collection":[{"href":"https:\/\/www.chemicartf.pl\/index.php\/wp-json\/wp\/v2\/product"}],"about":[{"href":"https:\/\/www.chemicartf.pl\/index.php\/wp-json\/wp\/v2\/types\/product"}],"replies":[{"embeddable":true,"href":"https:\/\/www.chemicartf.pl\/index.php\/wp-json\/wp\/v2\/comments?post=1643"}],"wp:featuredmedia":[{"embeddable":true,"href":"https:\/\/www.chemicartf.pl\/index.php\/wp-json\/wp\/v2\/media\/1629"}],"wp:attachment":[{"href":"https:\/\/www.chemicartf.pl\/index.php\/wp-json\/wp\/v2\/media?parent=1643"}],"wp:term":[{"taxonomy":"product_brand","embeddable":true,"href":"https:\/\/www.chemicartf.pl\/index.php\/wp-json\/wp\/v2\/product_brand?post=1643"},{"taxonomy":"product_cat","embeddable":true,"href":"https:\/\/www.chemicartf.pl\/index.php\/wp-json\/wp\/v2\/product_cat?post=1643"},{"taxonomy":"product_tag","embeddable":true,"href":"https:\/\/www.chemicartf.pl\/index.php\/wp-json\/wp\/v2\/product_tag?post=1643"}],"curies":[{"name":"wp","href":"https:\/\/api.w.org\/{rel}","templated":true}]}}